0001
-111 (base 12) to base 3
-12211
Convert c (base 14) to base 7.
15
Convert 3 (base 14) to base 10.
3
-1a (base 15) to base 3
-221
What is 1 (base 15) in base 8?
1
Convert 0 (base 13) to base 2.
0
Convert 10 (base 14) to base 8.
16
What is -545 (base 6) in base 13?
-131
-3 (base 8) to base 3
-10
3 (base 13) to base 2
11
What is -1c (base 15) in base 16?
-1b
Convert d (base 14) to base 13.
10
What is -3 (base 6) in base 3?
-10
142 (base 6) to base 14
46
Convert 351 (base 8) to base 7.
452
Convert 2 (base 13) to base 4.
2
102 (base 4) to base 6
30
-101 (base 2) to base 5
-10
What is -22 (base 6) in base 12?
-12
What is 10010111 (base 2) in base 8?
227
Convert -1 (base 14) to base 11.
-1
10 (base 5) to base 3
12
3 (base 16) to base 14
3
-45 (base 16) to base 14
-4d
Convert 11010 (base 2) to base 11.
24
221 (base 4) to base 10
41
-144 (base 15) to base 14
-169
13 (base 12) to base 14
11
What is -130 (base 6) in base 16?
-36
What is 83 (base 11) in base 3?
10101
What is -a (base 11) in base 9?
-11
Convert -6 (base 8) to base 4.
-12
What is 2 (base 4) in base 10?
2
Convert -2 (base 6) to base 10.
-2
Convert 21 (base 8) to base 12.
15
-4 (base 5) to base 13
-4
Convert -5b (base 14) to base 9.
-100
What is -2d (base 16) in base 10?
-45
-21200 (base 3) to base 8
-317
1 (base 3) to base 9
1
Convert 104 (base 6) to base 12.
34
Convert 4 (base 5) to base 2.
100
Convert -11011 (base 2) to base 11.
-25
What is 3 (base 16) in base 8?
3
-12 (base 4) to base 15
-6
Convert -1 (base 5) to base 11.
-1
What is 2 (base 4) in base 3?
2
Convert -d (base 14) to base 3.
-111
What is b (base 16) in base 4?
23
What is 101102 (base 3) in base 5?
2111
11 (base 2) to base 13
3
What is 112 (base 11) in base 2?
10000110
7 (base 16) to base 7
10
10000010 (base 2) to base 4
2002
What is 11111000 (base 2) in base 10?
248
Convert -3 (base 7) to base 6.
-3
What is 0 (base 7) in base 15?
0
1332 (base 4) to base 9
150
What is 12 (base 7) in base 16?
9
What is 29 (base 13) in base 6?
55
What is 30 (base 12) in base 11?
33
Convert 7 (base 12) to base 14.
7
7 (base 11) to base 14
7
Convert 230 (base 4) to base 11.
40
Convert -d9 (base 15) to base 7.
-411
20 (base 8) to base 13
13
-5 (base 7) to base 11
-5
What is 1101 (base 2) in base 4?
31
100 (base 4) to base 14
12
2010 (base 3) to base 2
111001
Convert 116 (base 11) to base 4.
2022
What is -1110 (base 5) in base 7?
-311
11 (base 13) to base 14
10
1 (base 15) to base 7
1
What is 2 (base 3) in base 12?
2
What is -ae (base 15) in base 16?
-a4
Convert 4 (base 6) to base 7.
4
What is 10101 (base 2) in base 7?
30
Convert 100 (base 3) to base 12.
9
Convert -11 (base 10) to base 11.
-10
-a (base 11) to base 6
-14
1 (base 6) to base 10
1
What is -3 (base 8) in base 9?
-3
-1c (base 14) to base 10
-26
What is 200 (base 5) in base 16?
32
What is -3 (base 16) in base 4?
-3
What is -2 (base 6) in base 12?
-2
What is -111 (base 5) in base 10?
-31
What is 5 (base 13) in base 3?
12
Convert 2 (base 16) to base 4.
2
Convert 16 (base 8) to base 14.
10
Convert -3 (base 5) to base 4.
-3
Convert -3 (base 12) to base 6.
-3
What is 3d (base 15) in base 6?
134
270 (base 10) to base 2
100001110
What is -1b6 (base 15) in base 12?
-290
101100 (base 2) to base 10
44
2 (base 10) to base 2
10
61 (base 8) to base 14
37
What is -100 (base 2) in base 6?
-4
Convert -3 (base 8) to base 16.
-3
Convert -2 (base 10) to base 11.
-2
What is 1 (base 3) in base 12?
1
Convert 3 (base 10) to base 14.
3
Convert -32 (base 8) to base 7.
-35
What is 221 (base 3) in base 12?
21
What is -1 (base 3) in base 14?
-1
-3 (base 15) to base 11
-3
-1000 (base 3) to base 11
-25
Convert -4 (base 5) to base 12.
-4
Convert 2211 (base 3) to base 14.
56
-10110 (base 2) to base 16
-16
67 (base 8) to base 13
43
Convert 16 (base 10) to base 12.
14
What is -115 (base 11) in base 6?
-345
What is -1a (base 11) in base 14?
-17
Convert 3 (base 12) to base 7.
3
What is 44 (base 11) in base 6?
120
Convert 6 (base 15) to base 2.
110
37 (base 8) to base 10
31
Convert 46 (base 13) to base 12.
4a
What is 32 (base 14) in base 6?
112
What is -13 (base 12) in base 3?
-120
Convert -16 (base 7) to base 10.
-13
Convert -16 (base 12) to base 8.
-22
Convert -1220 (base 4) to base 14.
-76
-3a (base 12) to base 5
-141
What is -104 (base 6) in base 11?
-37
1123 (base 6) to base 5
2032
Convert -2 (base 10) to base 7.
-2
Convert 6 (base 13) to base 11.
6
What is -1152 (base 6) in base 10?
-284
2 (base 4) to base 10
2
Convert -11 (base 2) to base 10.
-3
What is -51 (base 7) in base 5?
-121
What is -101011 (base 2) in base 12?
-37
-25 (base 12) to base 13
-23
-232 (base 6) to base 5
-332
What is 122 (base 3) in base 7?
23
Convert -230 (base 5) to base 14.
-49
What is -7 (base 15) in base 8?
-7
Convert 5 (base 16) to base 5.
10
-4 (base 15) to base 6
-4
What is -24 (base 11) in base 3?
-222
10303 (base 4) to base 2
100110011
2 (base 8) to base 10
2
What is -10 (base 8) in base 5?
-13
What is 96 (base 14) in base 13?
a2
23 (base 8) to base 6
31
What is -20 (base 4) in base 15?
-8
24 (base 5) to base 6
22
What is -263 (base 7) in base 11?
-120
Convert 1011001 (base 2) to base 4.
1121
Convert 0 (base 16) to base 2.
0
Convert 154 (base 8) to base 16.
6c
What is -a (base 12) in base 3?
-101
What is 2 (base 14) in base 3?
2
9 (base 14) to base 15
9
4 (base 5) to base 10
4
Convert -2 (base 5) to base 10.
-2
What is 0 (base 2) in base 15?
0
Convert -7 (base 14) to base 9.
-7
What is -172 (base 14) in base 6?
-1212
What is -5 (base 14) in base 12?
-5
What is 111 (base 4) in base 15?
16
Convert -10000110 (base 2) to base 12.
-b2
Convert 1201 (base 3) to base 10.
46
1100 (base 2) to base 16
c
What is 24 (base 5) in base 10?
14
What is -12 (base 6) in base 3?
-22
What is -16 (base 8) in base 10?
-14
3 (base 5) to base 9
3
What is 18 (base 15) in base 4?
113
3 (base 15) to base 5
3
Convert 234 (base 9) to base 5.
1233
Convert 2 (base 13) to base 16.
2
1101 (base 4) to base 10
81
What is 33 (base 5) in base 11?
17
Convert -1 (base 13) to base 5.
-1
What is -10011101 (base 2) in base 12?
-111
Convert -1111 (base 2) to base 13.
-12
-113 (base 11) to base 15
-90
-10101 (base 2) to base 3
-210
111 (base 2) to base 6
11
What is -5 (base 13) in base 4?
-11
What is 2 (base 8) in base 15?
2
Convert -3 (base 11) to base 6.
-3
Convert -1041 (base 5) to base 4.
-2102
16 (base 7) to base 11
12
-126 (base 9) to base 3
-10220
-1001000 (base 2) to base 10
-72
What is -19 (base 12) in base 8?
-25
Convert 1 (base 15) to base 12.
1
Convert 3 (base 11) to base 8.
3
4 (base 11) to base 16
4
-1 (base 12) to base 9
-1
-1 (base 10) to base 11
-1
Convert -10 (base 4) to base 11.
-4
Convert -1002 (base 5) to base 4.
-1333
Convert 10 (base 3) to base 11.
3
-5 (base 13) to base 5
-10
-23 (base 6) to base 2
-1111
Convert 16 (base 9) to base 7.
21
What is -1e (base 16) in base 14?
-22
7 (base 8) to base 13
7
1 (base 16) to base 15
1
What is 23 (base 10) in base 11?
21
Convert 5 (base 16) to base 5.
10
What is 5 (base 12) in base 10?
5
36 (base 7) to base 4
123
Convert -100 (base 3) to base 15.
-9
Convert 231 (base 4) to base 14.
33
What is -a0 (base 11) in base 6?
-302
Convert -2 (base 14) to base 3.
-2
-57 (base 9) to base 5
-202
20 (base 4) to base 2
1000
What is 4 (base 5) in base 16?
4
Convert -205 (base 8) to base 16.
-85
-5 (base 16) to base 5
-10
Convert 104 (base 5) to base 12.
25
Convert -6 (base 10) to base 15.
-6
Convert -115 (base 7) to base 11.
-56
220 (base 10) to base 11
190
-10 (base 13) to base 14
-d
Convert -10 (base 8) to base 2.
-1000
What is -120 (base 5) in base 10?
-35
Convert -111 (base 5) to base 4.
-133
-110 (base 4) to base 11
-19
Convert -7 (base 14) to base 12.
-7
24 (base 7) to base 4
102
Convert 0 (base 3) to base 14.
0
-32 (base 12) to base 11
-35
What is 66 (base 8) in base 3?
2000
Convert -1 (base 12) to base 7.
-1
What is -10 (base 9) in base 2?
-1001
What is -103 (base 5) in base 9?
-31
273 (base 9) to base 13
147
What is 0 (base 13) in base 16?
0
-9 (base 12) to base 8
-11
-6 (base 10) to base 6
-10
What is 1e (base 15) in base 9?
32
-1 (base 3) to base 7
-1
What is 19 (base 13) in base 16?
16
Convert -33 (base 16) to base 4.
-303
Convert 13 (base 9) to base 15.
c
What is -30 (base 8) in base 7?
-33
What is 22 (base 4) in ba